*l**2 + 4*l - 8. Let s be g(-4). Let f be p(s). Suppose 0 = 2*a + f*a - 15. What is the remainder when 6 is divided by a?
0
Let t(n) = 8*n + 1630. Calculate the remainder when t(-67) is divided by 32.
6
Suppose 83 = 2*q - 91. Let m be 2/8 - 15/60. Suppose -2*i + i + 18 = m. Calculate the remainder when q is divided by i.
15
Let a(k) = -k**3 + 36*k**2 + 34*k + 119. Let r be a(37). What is the remainder when 147 is divided by r - -38*(2 - 1)?
9
Suppose 0 = -5*k + 25 - 10. Let f = 23 + k. Suppose -2*j + 80 + 22 = 0. What is the remainder when j is divided by f?
25
Let h(p) = 18*p - 13. Let r be h(4). Let n = 100 - r. Let w = 95 - -26. Calculate the remainder when w is divided by n.
39
Suppose 0 = 3*m - 2*m - 7. Let g(l) = 6*l + 52. Let f be g(-6). Suppose f*a - 9*a - 77 = 0. Calculate the remainder when a is divided by m.
4
Let p = 335 - 334. Let k(u) = 542*u**2 + 7*u - 4. Calculate the remainder when k(p) is divided by 42.
41
Suppose -2*c = -4*b - 34, -3*c = 5*b - 40 - 22. Let l(y) = 9*y**2 - y + 2. Calculate the remainder when c is divided by l(1).
9
Suppose 3*n = -4*i + 182, -i = -4*i - 12. Let u = n + -75. What is the remainder when 91 is divided by 24/u*69/(-4)?
45
Let s = 65 - -376. Suppose 0 = -f - 6*f + s. Let y = -35 + f. Calculate the remainder when y is divided by 6.
4
Let o = 216 + -201. Let d(n) = -n**2 - 10*n - 3. Let f be d(-9). Suppose 120 = -l + f*l. What is the remainder when l is divided by o?
9
Let o = -8433 + 9782. What is the remainder when o is divided by 75?
74
Let f(o) be the first derivative of o**4/4 + 32*o**3/3 - 37*o**2/2 - 35*o - 119. Let h = -10 - -59. Calculate the remainder when f(-33) is divided by h.
48
Suppose 11 = -c + 15. Let v(f) = -4*f. Let d be v(c). What is the remainder when 1 - -1 - 5 - (4 + d) is divided by 6?
3
Let w be 1 + 0 + (-57)/(-3). Let q = w - 19. Suppose -h = -q - 0. Calculate the remainder when 4 is divided by h.
0
Calculate the remainder when (4 - (-5 + -3 + 9)) + 1265 is divided by 115.
3
Suppose -4*x + 2*f + 30 = 134, -3*f = -x - 31. Let w(l) = 5*l + 162. What is the remainder when 67 is divided by w(x)?
30
Let m = 255 - 238. Suppose -m = -2*x + x. What is the remainder when 74 is divided by x?
6
Let a = 3657 + -3304. What is the remainder when a is divided by 162?
29
Let u = -24255 + 24268. Calculate the remainder when u is divided by 6.
1
Let b(a) be the first derivative of 8*a**2 - 18*a - 11. What is the remainder when 88 is divided by b(3)?
28
Suppose -4*j = 2*a - 1240, -2*j + 1114 = 3*a - 726. Suppose 2*c = 2*y + a, 5*c - y = -6*y + 1575. What is the remainder when c is divided by 24?
22
Suppose 17 = 2*i - 2*s - 229, 0 = 2*i + 5*s - 211. What is the remainder when i is divided by 105?
13
Let g(t) = t**3 - 5*t**2 + 2*t + 1. Let m be g(5). Let q(x) = -x**2 + 5*x + 21. Let u be q(m). Calculate the remainder when 10*312/u*(-3)/2 is divided by 35.
34
Let i = 9 - -54. Let y = -51 + i. Let k = -31 + 65. Calculate the remainder when k is divided by y.
10
Suppose -32*y + 5*n = 4*n - 3379, -2*y = 4*n - 264. Let w(t) = 40*t**3 + t**2 - t. What is the remainder when y is divided by w(1)?
26
Suppose -3*c + 2*s + 7341 = 0, -c - s = -1997 - 445. Calculate the remainder when c is divided by 32.
13
Let z(x) = 4*x + 17. Let o be z(-5). Let v(s) = 3*s**2 - 13. Let t be v(o). Suppose -t = -f + 29. Calculate the remainder when f is divided by 16.
11
Suppose 4*f - t = 183, -4 - 228 = -5*f - 2*t. Let r be (-64)/(-8) - (-4 - -34). Let w = f + r. What is the remainder when w is divided by 7?
3
Suppose 4*r + r = 10. Let t = -49 - -50. Calculate the remainder when -2*(r - 63) + t is divided by 14.
11
Calculate the remainder when (-5205)/347 - (-1 + -565) is divided by 350.
201
Let r(l) = 2*l**2 - 44*l - 60. Let i be ((-26)/7)/(8/(-56)). Calculate the remainder when r(i) is divided by 20.
8
Suppose -9*d + 452 - 116 = 15*d. Calculate the remainder when 121 is divided by d.
9
Let f be (((-72)/4)/(-3))/(-13 + 16). Calculate the remainder when 32 is divided by 80/(-30)*(-30)/8 + f.
8
Suppose -514 = -44*m - 30. Calculate the remainder when 1559 is divided by m.
8
Let v(n) = -6*n - 97. Let l(s) = 12*s + 192. Let c(w) = 3*l(w) + 5*v(w). What is the remainder when c(-5) is divided by 14?
5
Suppose 38*v - 49*v + 19085 = 0. Suppose -3*z = -3*l + 1032, -5*l + 9*z + v = 7*z. What is the remainder when l is divided by 70?
69
Let p(n) be the first derivative of n**4/4 + 16*n**3/3 - 21*n**2/2 - 12*n + 32. What is the remainder when p(-17) is divided by 15?
11
Suppose 47*o - 281*o = -12168. Calculate the remainder when 240 is divided by o.
32
Let a be 3/((-11)/(-12) + -1). Suppose -3*k + 0*o = 4*o + 143, -5*o - 235 = 5*k. Let y = a - k. What is the remainder when 42 is divided by y?
6
Calculate the remainder when 373 is divided by 95 + -87 - (-54 + -3).
48
Let c(i) be the first derivative of -7*i**2/2 + 20*i + 121. Calculate the remainder when 683 is divided by c(-8).
75
Let k = -2417 - -2429. Suppose n - 2*m = -136, -5*n - 3*m - 740 = -m. What is the remainder when k is divided by 4/30 - n/30?
2
Let v = -78180 + 78215. Suppose 6*y - 2*y - 1376 = 0. Calculate the remainder when y is divided by v.
29
Suppose -89 = -13*c + 184. What is the remainder when 233 is divided by c?
2
Suppose 3*a - 10*r = 78, 88*r - 6 = a + 90*r. Let h = 44 - 23. What is the remainder when h is divided by a?
3
Let w = 190 - 168. Suppose 6*g = 56 + w. What is the remainder when (-2 + (-66)/4)*-2 is divided by g?
11
Let q(w) = 2*w**2 - 22*w - 286. Calculate the remainder when q(-12) is divided by 6.
2
Let t(b) be the second derivative of b**3 - 15*b**2/2 + 6*b. Suppose -2*l - 3*h = -5 - 8, l - 2*h = 3. Calculate the remainder when 27 is divided by t(l).
12
Suppose 59*u + 20516 = 72*u - 54949. What is the remainder when u is divided by 176?
173
Suppose 4*t - 2*y + 400 = 0, 0 = 3*t + 6*y - 8*y + 299. Let i = t + 166. What is the remainder when i is divided by 41?
24
Let j be (-1)/((-15)/73) - 12/(-90). Suppose -m - 2*z = -3*m + 2, 0 = j*z - 15. What is the remainder when ((m - 2) + -6)/(-2) is divided by 1?
0
Suppose 452 + 291 - 226 = 11*m. What is the remainder when 704 is divided by m?
46
Let t = -12345 - -12496. Calculate the remainder when 1200 is divided by t.
143
Suppose 2*z + 2*b = -1 + 9, z - 4 = -3*b. Let q = -84 - -4. Let a = 84 + q. Calculate the remainder when z is divided by a.
0
Suppose 15*i = 3679 + 731. Suppose -t = b - 149, 2*b - t - i = t. What is the remainder when b is divided by 30?
28
Let r be (-310)/(-100) + 2/(-20). Let j(s) = s**3 - 2*s**2 - 2*s + 1. Calculate the remainder when 28 is divided by j(r).
0
Suppose -6*q + 18 = -0*q. Let u(r) = 2*r**3 - 4*r**2 + 14*r - 25. What is the remainder when 104 is divided by u(q)?
34
Suppose 0 = -5*d - 4*m, -m + 2*m = -5. Let i be ((-24)/(-20))/2 + 94/10. Let l = i - d. What is the remainder when 11 is divided by l?
5
Let h(p) = p**2 - 37*p + 24. Let f be h(18). Let m = -308 - f. Calculate the remainder when 25 is divided by m.
5
Suppose -100*z + 6049 - 14809 = -160*z. Calculate the remainder when 305 is divided by z.
13
Let a(r) = -319*r - 2224. What is the remainder when a(-38) is divided by 198?
196
Let r(p) = -p**3 - 16*p**2 + 15*p - 33. Let c be r(-17). Suppose y - c = 7. Calculate the remainder when 55 is divided by 3*(y/48)/(2/56).
13
Let y = 11823 - 11276. What is the remainder when y is divided by 55?
52
Let n = 123 - 123. Calculate the remainder when (n - (-10)/(-6))*-54 is divided by 31.
28
What is the remainder when 738 is divided by ((-24)/6 + 5)/(2/212)?
102
Let j(i) = 15*i**3 + i. Let c(r) = 4*r**2 - 68*r + 319. What is the remainder when c(13) is divided by j(1)?
15
Suppose -3126 = 42*o - 9342. Calculate the remainder when 182 is divided by o.
34
Suppose -5*w + 720 = 73*b - 76*b, -5*w - 4*b + 755 = 0. What is the remainder when 733 is divided by w?
145
Let m be (13 + -15)*127*2. Let n = 660 + m. Calculate the remainder when n is divided by 11.
9
Suppose d + 22 = a - 86, -2*d + 99 = a. Suppose 0 = i + 4*i - a. What is the remainder when 121/2 - 1/(-2) is divided by i?
19
Let o(r) = -r**3 - 7*r**2 - 8*r - 1. Suppose 0 = 11*n - 8*n - 1290. Suppose 0 = -14*w + 18 + n. What is the remainder when w is divided by o(-6)?
10
Let n(v) = -9*v - 22. Let j be n(-3). Suppose 0 = 2*a - 23*